(-108)/(-135)*(-350)/(-4). Let j = n + -69. Let r(c) = 34*c. What is r(j)?
34
Suppose -1195*z = -1226*z + 62. Let w = -5 + 7. Let t(b) = -2*b + 2 + 3*b**w + 2*b. What is t(z)?
14
Let l(b) = b**3 + 17*b**2 - 34*b + 34. Let k(i) = -9*i**3 + 208*i**2 - 23*i - 19. Let v be k(23). Calculate l(v).
-42
Let f be (6 + 22/(-4))*6. Let h(t) = -t**2 + 3*t + 3. What is h(f)?
3
Let h(q) = q**3 - 50*q**2 - q + 54. Let r be h(50). Let d(p) be the second derivative of 0 + 1/2*p**2 + 1/3*p**4 + 3*p + 0*p**3 - 1/20*p**5. Determine d(r).
1
Let y(f) = -f**3 + 4*f**2 + 12*f - 9. Suppose r = 2*s + 22, r + 0*r - 35 = 3*s. Let i be ((-1)/(-4))/(s/(-312)). Calculate y(i).
-9
Let k(n) = -1. Let o be (5 - -4) + -10 - 0/2. Let l(c) = 0*c**2 - c + c**2 + 0*c - 1. Let u(q) = o*l(q) - 2*k(q). What is u(4)?
-9
Let k(a) be the second derivative of 5*a**3/6 - 42*a**2 + 79*a + 3. Calculate k(18).
6
Let i = -158 - -375. Let x = 212 - i. Let v(o) = o**3 + 4*o**2 - 5*o - 1. Determine v(x).
-1
Let t = -104 - -109. Let r(d) = 4*d**3 - 1925*d**2 + 1917*d**2 + 7*d - 3*d**3 - t. Suppose -7*z + 10*z = 21. Give r(z).
-5
Let l(n) = 2*n + 1. Let r be 0 + -2 + 3 + 0. Suppose -2 = -3*u + r. Let f be u*(3*-4)/3. What is l(f)?
-7
Let n(q) = -q**2 - 9*q - 10. Let t be (36/(-60))/((-180)/(-25) + -7). Calculate n(t).
8
Let k be 6/(-10) - (-434)/(-10). Let p = 46 + k. Let u(g) = -2*g**2 - p*g**2 + 9*g**3 + 6*g - 10*g**3 + 8*g**2 - 2. What is u(5)?
3
Let o(l) = -9*l**3 + l**2 + 61*l + 8*l**3 - 30*l - 17*l**3 - 32*l. Calculate o(1).
-18
Let x(p) be the first derivative of -p**3/3 - 3*p**2/2 + 3*p - 3. Suppose 0 = 23*u - 37*u + 1834. Let h = u - 136. Determine x(h).
-7
Let w(z) be the second derivative of -z**5/20 - 3*z**4/4 + z**3/6 - 11*z**2/2 - 3*z + 188. Calculate w(-9).
-20
Let g(f) = f**3 + 8*f**2 + 17*f + 32. Let s = 516 - 522. Give g(s).
2
Let m(l) = -151*l**3 + 6*l**2 - 7*l - 9. Let r(p) = -339*p**3 + 14*p**2 - 14*p - 18. Let o(w) = -9*m(w) + 4*r(w). Give o(-2).
-21
Let k(g) = -g**3 - 6. Let t be k(0). Let c be 6*-3*10/t. Suppose -5 = 5*v + c. Let b(i) = -i - 2. What is b(v)?
5
Let t(n) be the second derivative of -n**3/3 + 15*n**2/2 + 210*n + 4. Let j(f) = 19 + 12 - 2*f - f. Let g(o) = 3*j(o) - 5*t(o). Give g(-8).
10
Let u(j) be the first derivative of 2*j**3/3 - 15*j**2 - 9*j - 1494. Determine u(15).
-9
Let v = 2868 - 2858. Let h(t) = -t**3 + 10*t**2 - 10*t - 11. Give h(v).
-111
Let w be (3/((-15)/595*-7) - -5) + 1. Let b(f) = -f**3 + 25*f**2 - 49*f + 38. Calculate b(w).
-31
Let f(s) = 19 + 2*s**3 + 7*s + 126*s**2 + 121*s**2 - 417*s**2 + 155*s**2. Calculate f(7).
19
Suppose -160 = 5*t - 15*t. Suppose -2*b - 13*k = -t*k, 5*b - 4*k = 0. Let u(j) be the second derivative of -j**3/6 + 2*j**2 - j. What is u(b)?
4
Let f(r) = -r + 0*r + 0*r - 2. Let i(v) = 2*v**2 + 48 - 5*v**2 - 9*v + 38*v + 4*v**2. Let l be i(-27). Determine f(l).
4
Let c be (-38)/(-9) - 14/63. Suppose -c*h = 4*p - 48, 4*h - 28 = -3*p + p. Let z(j) = j - 17. Determine z(p).
-7
Let a(x) = -2*x - 22. Let h be 1 - 28/36 - (-2636)/(-36). Let w = h + 64. Determine a(w).
-4
Let a(d) = -2*d + 2. Let z(l) = -l**2 + 4*l + 35. Let b be z(8). Suppose v + 7*s = 10*s - b, -2*v + 4*s - 6 = 0. Calculate a(v).
8
Let f(q) = 17*q + 490. Let z = -10485 + 10456. Determine f(z).
-3
Let j(t) = 11*t - 3. Let h be j(1). Let q(z) = -23*z + 186. Let u be q(h). Let v(g) = 8*g - 1. Determine v(u).
15
Let r(a) = 484*a - 4*a**2 + 569*a - 984*a - 24. Determine r(17).
-7
Let u(s) = 7*s**2 + s + 9. Let v(y) = -3*y**2 - 2*y - 5. Let i(n) = -2*u(n) - 5*v(n). Suppose 0*j = -4*j - 20. Determine i(j).
-8
Let f(a) be the third derivative of a**6/60 - 7*a**5/60 + 7*a**4/24 - 4*a**3/3 - a**2 - 54*a + 2. What is f(3)?
4
Suppose -2*h - 4*q - 5 + 23 = 0, -3*q = -2*h - 3. Let c(t) = -t**2 - 3*t + 24. Give c(h).
6
Let l(y) = 24*y**2 - y. Let a(d) = -25*d**2 + d. Let z(u) = 4*a(u) + 5*l(u). Suppose 0 = -3*v + 5*s + 7, -4*s - 15 = 4*v + 3*v. Calculate z(v).
21
Suppose i = -4*f + 26, 23*i = 19*i + 4*f + 4. Let q(o) = -o**2 + 9*o - 14. Give q(i).
4
Suppose -5*y - 2*r + r - 30 = 0, 4*y + 24 = r. Let m be -3 - (-12)/(-15)*165/y. Let z(v) = -m + v**3 + 4*v**2 - v + 21 - 5*v. Calculate z(-5).
7
Let p(s) = -2*s. Let w be p(3). Let t(l) be the third derivative of l**5/60 - 7*l**3/6 - 35*l**2 - 2*l. Determine t(w).
29
Let w(o) = 3*o**3 + o - 12*o - 4*o**3 + 6 + 4*o**2 - 3*o**3. Let c(p) = 7*p**3 - 9*p**2 + 21*p - 12. Let i(v) = 3*c(v) + 5*w(v). Give i(5).
-16
Let o be (1 - -7)/8 - -2. Let i(x) = -o*x - 382 + 388 + 2*x. Let l(v) = -v**2 - 5*v - 2. Let t be l(-2). Determine i(t).
2
Let h(p) = -17*p + 170. Suppose 4*s = 5*g - 62, 45 = 4*g - 4*s - 7. Give h(g).
0
Let t = -11 - -17. Suppose -t*q = -63 + 75. Let w(s) be the first derivative of -3*s**4/4 - 4*s**3/3 - 3*s**2/2 - 2*s + 2. Calculate w(q).
12
Let k(v) = v**2 + 6*v - 2. Let y be k(5). Let z = 56 - y. Suppose -2*i = -z*j - 1, 4*j + 3 + 0 = 3*i. Let c(l) = l**3 - 5*l**2 + 4*l - 4. Determine c(j).
-10
Let k = 6106 - 6114. Let z(m) = -6*m - 11. What is z(k)?
37
Let z(h) = -8*h + 19. Let q(c) be the first derivative of 11*c**2 - 56*c + 18. Let v(f) = -5*q(f) - 14*z(f). What is v(-11)?
-8
Let w(y) = -14*y**2 - 39*y**3 + 17 - 29*y**3 + 100*y**3 - 2*y - 31*y**3. Give w(14).
-11
Let j(z) = 8*z. Let y(q) = q - 1. Let i(n) = -5*n + 4. Let u(f) = -5*i(f) - 20*y(f). Let b(c) = -3*j(c) + 5*u(c). What is b(-2)?
-2
Let t(y) = 5*y**2 - 5. Suppose -7 = -a - 2*c, -4 = 17*a - 21*a + 4*c. What is t(a)?
40
Let d(a) be the first derivative of -3*a**4/4 - a**3 - 2*a**2 - 2*a + 2. Let l = 7521 + -7522. Let x be d(l). Let p(b) = 5*b**2 - 4*b + 2. What is p(x)?
14
Let p(h) be the third derivative of -h**6/120 + h**5/30 + h**4/4 - h**3/6 + 250*h**2 + 8. Give p(3).
8
Let t(l) = -1. Let z(f) = 7*f - 61. Let m(p) = 6*t(p) - z(p). Let y be m(7). Let b(c) = -13*c + 16*c - y + 0. Calculate b(4).
6
Let v(x) = 2*x**2 - x - 9. Let n = 9 - 6. Let w(q) = 3*q**2 + q - 9. Let d(h) = n*w(h) - 4*v(h). Calculate d(-7).
9
Suppose -4*c + 6*c = -58. Let i(q) = 9*q - 6. Let u be i(-3). Let n = u - c. Let s(j) = -2*j. Determine s(n).
8
Let t(r) = 2*r + 23. Let g(q) = 9*q + 117. Let y be g(-13). Suppose -n + 4*j + 1 = y, 22 = -2*n + 4*j + 12. What is t(n)?
1
Let y be -2*-6*9/6. Suppose -3 = 3*q - y. Let t(l) = -l**2 + 9*l - 2. Calculate t(q).
18
Let f(n) = -n**2 + 7. Let m = 28 - 26. Suppose -a - 5*z = -0*z - 25, -m*a = -z + 5. Suppose 4*u - 2*u = a. Determine f(u).
7
Let f be (1 + 6/(-4))*(-27 - (-42 + -3)). Let r(n) = 3*n + 2. Determine r(f).
-25
Let c(t) = 3*t**3 + 2*t**2 - 3*t - 2. Let a be 5/(-30)*-6*(1 + 0). Suppose 37 + a = -19*j. Determine c(j).
-12
Let r(l) = -l + 5. Let d be r(3). Let m(y) = 0 - y**3 + 3*y**2 - d*y**3 + 4*y + 2*y**3 + 1. Suppose 4*x = 2*w - 24, -12*w + 10*w + x = -12. What is m(w)?
1
Let m = 1 - -4. Let s(v) = -v - 6. Let x(q) = q + 3. Let b(d) = -3*s(d) - 5*x(d). Determine b(m).
-7
Let c = 239 + -133. Let v be ((-26)/(-6) - 4) + c/6. Let o(s) = -s**2 + 6*s + v - 11 + 3. Calculate o(9).
-17
Let g(s) = -6*s**2 - 2*s - 17. Let j(w) = -7*w**2 - w - 20. Let n = -286 + 280. Let t(c) = n*g(c) + 5*j(c). Let b be (-112)/18 - 2/(-9). Determine t(b).
-4
Let l(s) = 4*s - 1469. Let o(v) = 2*v - 520. Let a(u) = -6*l(u) + 17*o(u). What is a(5)?
24
Let x(l) = l**3 + 2*l**2 - 5*l - 3. Suppose 3*a - 4*w - 3 = 0, a + 0*w + 3*w + 12 = 0. Let h be x(a). Let s(m) = -4*m**3 + 21 - 43 + 21 - 17*m**h. Give s(-1).
20
Let f(r) be the first derivative of r**2 + 23 - 1/4*r**4 - 4/3*r**3 + 4*r. Suppose 6*h + 3 = -21. What is f(h)?
-4
Let w(i) = 11*i**3 + 3*i**2 + 3*i + 6. Let m(y) = -9*y**3 - y**2 - 3*y - 8. Let b(q) = 6*m(q) + 5*w(q). What is b(-9)?
9
Let s(z) be the third derivative of z**4/24 - z**3 - 241*z**2. Let d be (-26 - -27)*(3 + -1). Calculate s(d).
-4
Let a(h) = -14*h + 73. Let j be a(5). Suppose -j*d = 3*d - 30. Let s(r) be the third derivative of r**4/24 - 11*r**3/6 - r**2. What is s(d)?
-6
Suppose 5*d + 4*i = 8, -d + 5*i + 20 - 1 = 0. Let k(o) = -4*o**2 + 3*o - d*o - 2*o + o - o**3 - 2. Let x be k(-4). Let t(p) = p**2 - 5*p - 5. Determine t(x).
1
Suppose k + 4 = -0*k + 3*g, 3*k - 3*g + 12 = 0. Let n be 0/(8/k + 0). Suppose n*d = d - 6. Let i(t) = t**2 - 7*t + 7. Give i(d).
1
Let z(r) = 5*r**3 - 2*r**2 + r + 1. Let i be (-42)/(-70)*(-20)/(-42)*7. Give z(i).
35
Le